{"id":2240,"date":"2022-02-14T15:09:06","date_gmt":"2022-02-14T18:09:06","guid":{"rendered":"https:\/\/www.academiaexact.com.br\/?page_id=2240"},"modified":"2024-05-16T09:54:58","modified_gmt":"2024-05-16T12:54:58","slug":"academia-banco-de-talentos","status":"publish","type":"page","link":"https:\/\/www.academiaexact.com.br\/index.php\/academia-banco-de-talentos\/","title":{"rendered":"[ACADEMIA] Banco de talentos"},"content":{"rendered":"\t\t<div data-elementor-type=\"wp-page\" data-elementor-id=\"2240\" class=\"elementor elementor-2240\" data-elementor-post-type=\"page\">\n\t\t\t\t\t\t<section class=\"elementor-section elementor-top-section elementor-element elementor-element-a59f16f elementor-section-boxed elementor-section-height-default elementor-section-height-default\" data-id=\"a59f16f\" data-element_type=\"section\" data-settings=\"{&quot;background_background&quot;:&quot;classic&quot;}\">\n\t\t\t\t\t\t<div class=\"elementor-container elementor-column-gap-default\">\n\t\t\t\t\t<div class=\"elementor-column elementor-col-100 elementor-top-column elementor-element elementor-element-2d0299e\" data-id=\"2d0299e\" data-element_type=\"column\">\n\t\t\t<div class=\"elementor-widget-wrap elementor-element-populated\">\n\t\t\t\t\t\t<div class=\"elementor-element elementor-element-a45ec19 elementor-widget elementor-widget-image\" data-id=\"a45ec19\" data-element_type=\"widget\" data-widget_type=\"image.default\">\n\t\t\t\t<div class=\"elementor-widget-container\">\n\t\t\t\t\t\t\t\t\t\t\t\t\t\t\t<img fetchpriority=\"high\" decoding=\"async\" width=\"978\" height=\"510\" src=\"https:\/\/www.academiaexact.com.br\/wp-content\/uploads\/2022\/02\/logo-banco-de-talentos_Prancheta-1.png\" class=\"attachment-large size-large wp-image-2243\" alt=\"\" srcset=\"https:\/\/www.academiaexact.com.br\/wp-content\/uploads\/2022\/02\/logo-banco-de-talentos_Prancheta-1.png 978w, https:\/\/www.academiaexact.com.br\/wp-content\/uploads\/2022\/02\/logo-banco-de-talentos_Prancheta-1-300x156.png 300w, https:\/\/www.academiaexact.com.br\/wp-content\/uploads\/2022\/02\/logo-banco-de-talentos_Prancheta-1-768x400.png 768w\" sizes=\"(max-width: 978px) 100vw, 978px\" \/>\t\t\t\t\t\t\t\t\t\t\t\t\t\t\t<\/div>\n\t\t\t\t<\/div>\n\t\t\t\t\t<\/div>\n\t\t<\/div>\n\t\t\t\t\t<\/div>\n\t\t<\/section>\n\t\t\t\t<section class=\"elementor-section elementor-top-section elementor-element elementor-element-fe3016e elementor-section-boxed elementor-section-height-default elementor-section-height-default\" data-id=\"fe3016e\" data-element_type=\"section\" data-settings=\"{&quot;background_background&quot;:&quot;classic&quot;}\">\n\t\t\t\t\t\t<div class=\"elementor-container elementor-column-gap-default\">\n\t\t\t\t\t<div class=\"elementor-column elementor-col-100 elementor-top-column elementor-element elementor-element-6283e92\" data-id=\"6283e92\" data-element_type=\"column\">\n\t\t\t<div class=\"elementor-widget-wrap elementor-element-populated\">\n\t\t\t\t\t\t<div class=\"elementor-element elementor-element-014a40b elementor-hidden-mobile elementor-widget elementor-widget-spacer\" data-id=\"014a40b\" data-element_type=\"widget\" data-widget_type=\"spacer.default\">\n\t\t\t\t<div class=\"elementor-widget-container\">\n\t\t\t\t\t\t\t<div class=\"elementor-spacer\">\n\t\t\t<div class=\"elementor-spacer-inner\"><\/div>\n\t\t<\/div>\n\t\t\t\t\t\t<\/div>\n\t\t\t\t<\/div>\n\t\t\t\t<div class=\"elementor-element elementor-element-bdbf6de elementor-widget elementor-widget-spacer\" data-id=\"bdbf6de\" data-element_type=\"widget\" data-widget_type=\"spacer.default\">\n\t\t\t\t<div class=\"elementor-widget-container\">\n\t\t\t\t\t\t\t<div class=\"elementor-spacer\">\n\t\t\t<div class=\"elementor-spacer-inner\"><\/div>\n\t\t<\/div>\n\t\t\t\t\t\t<\/div>\n\t\t\t\t<\/div>\n\t\t\t\t<div class=\"elementor-element elementor-element-4d036f7 elementor-widget elementor-widget-text-editor\" data-id=\"4d036f7\" data-element_type=\"widget\" data-widget_type=\"text-editor.default\">\n\t\t\t\t<div class=\"elementor-widget-container\">\n\t\t\t\t\t\t\t\t\t<p><strong>EM BUSCA DE UMA VAGA NA \u00c1REA DE PR\u00c9-VENDA? <\/strong><br \/><strong>ENT\u00c3O VOC\u00ca EST\u00c1 NO LUGAR CERTO!<\/strong><\/p><p>Nossos parceiros priorizam a busca de seus pr\u00e9-vendedores em candidatos que finalizaram o curso de Capacita\u00e7\u00e3o em Pr\u00e9-Venda.<\/p><p><strong>Gostaria de aumentar o seu leque de oportunidades ingressando no Banco de Talentos da Academia Exact?<\/strong><\/p>\t\t\t\t\t\t\t\t<\/div>\n\t\t\t\t<\/div>\n\t\t\t\t<div class=\"elementor-element elementor-element-aa5de26 elementor-align-center elementor-widget elementor-widget-button\" data-id=\"aa5de26\" data-element_type=\"widget\" data-widget_type=\"button.default\">\n\t\t\t\t<div class=\"elementor-widget-container\">\n\t\t\t\t\t\t\t\t\t<div class=\"elementor-button-wrapper\">\n\t\t\t\t\t<a class=\"elementor-button elementor-button-link elementor-size-sm\" href=\"https:\/\/docs.google.com\/forms\/d\/1-CrVG450BPggl_QcvJFW4VLrf1Z-U4hES4a2o3YYvFQ\/edit\">\n\t\t\t\t\t\t<span class=\"elementor-button-content-wrapper\">\n\t\t\t\t\t\t\t\t\t<span class=\"elementor-button-text\">Clique aqui<\/span>\n\t\t\t\t\t<\/span>\n\t\t\t\t\t<\/a>\n\t\t\t\t<\/div>\n\t\t\t\t\t\t\t\t<\/div>\n\t\t\t\t<\/div>\n\t\t\t\t<div class=\"elementor-element elementor-element-70db3d8 elementor-widget elementor-widget-spacer\" data-id=\"70db3d8\" data-element_type=\"widget\" data-widget_type=\"spacer.default\">\n\t\t\t\t<div class=\"elementor-widget-container\">\n\t\t\t\t\t\t\t<div class=\"elementor-spacer\">\n\t\t\t<div class=\"elementor-spacer-inner\"><\/div>\n\t\t<\/div>\n\t\t\t\t\t\t<\/div>\n\t\t\t\t<\/div>\n\t\t\t\t<div class=\"elementor-element elementor-element-14576a7 elementor-widget elementor-widget-image\" data-id=\"14576a7\" data-element_type=\"widget\" data-widget_type=\"image.default\">\n\t\t\t\t<div class=\"elementor-widget-container\">\n\t\t\t\t\t\t\t\t\t\t\t\t\t\t\t<img decoding=\"async\" width=\"768\" height=\"468\" src=\"https:\/\/www.academiaexact.com.br\/wp-content\/uploads\/2022\/05\/Grupo-de-mascara-4-1-768x468.png\" class=\"attachment-medium_large size-medium_large wp-image-2815\" alt=\"\" srcset=\"https:\/\/www.academiaexact.com.br\/wp-content\/uploads\/2022\/05\/Grupo-de-mascara-4-1-768x468.png 768w, https:\/\/www.academiaexact.com.br\/wp-content\/uploads\/2022\/05\/Grupo-de-mascara-4-1-300x183.png 300w, https:\/\/www.academiaexact.com.br\/wp-content\/uploads\/2022\/05\/Grupo-de-mascara-4-1.png 845w\" sizes=\"(max-width: 768px) 100vw, 768px\" \/>\t\t\t\t\t\t\t\t\t\t\t\t\t\t\t<\/div>\n\t\t\t\t<\/div>\n\t\t\t\t<section class=\"elementor-section elementor-inner-section elementor-element elementor-element-2947370 elementor-section-boxed elementor-section-height-default elementor-section-height-default\" data-id=\"2947370\" data-element_type=\"section\">\n\t\t\t\t\t\t\t<div class=\"elementor-background-overlay\"><\/div>\n\t\t\t\t\t\t\t<div class=\"elementor-container elementor-column-gap-default\">\n\t\t\t\t\t<div class=\"elementor-column elementor-col-100 elementor-inner-column elementor-element elementor-element-2e4a191\" data-id=\"2e4a191\" data-element_type=\"column\">\n\t\t\t<div class=\"elementor-widget-wrap elementor-element-populated\">\n\t\t\t\t\t\t<div class=\"elementor-element elementor-element-718c58a elementor-widget elementor-widget-heading\" data-id=\"718c58a\" data-element_type=\"widget\" data-widget_type=\"heading.default\">\n\t\t\t\t<div class=\"elementor-widget-container\">\n\t\t\t\t\t<h2 class=\"elementor-heading-title elementor-size-default\">F\u00e1cil, PREENCHA O FORMUL\u00c1RIO DE CADASTRO!\n<\/h2>\t\t\t\t<\/div>\n\t\t\t\t<\/div>\n\t\t\t\t<div class=\"elementor-element elementor-element-d9fa945 elementor-widget elementor-widget-text-editor\" data-id=\"d9fa945\" data-element_type=\"widget\" data-widget_type=\"text-editor.default\">\n\t\t\t\t<div class=\"elementor-widget-container\">\n\t\t\t\t\t\t\t\t\t<p><span style=\"font-weight: 400;\">Mas aten\u00e7\u00e3o! Se liga nas <strong>dicas<\/strong> que trouxemos para voc\u00ea para destacar o seu nome dentro do nosso Banco!<\/span><\/p><p><span style=\"font-weight: 400;\">Para que consigamos contatar voc\u00ea e convid\u00e1-lo(a) a participar dos processos seletivos, \u00e9 necess\u00e1rio alguns <strong>cuidados<\/strong>:<\/span><\/p>\t\t\t\t\t\t\t\t<\/div>\n\t\t\t\t<\/div>\n\t\t\t\t\t<\/div>\n\t\t<\/div>\n\t\t\t\t\t<\/div>\n\t\t<\/section>\n\t\t\t\t<div class=\"elementor-element elementor-element-6c416dd elementor-widget elementor-widget-spacer\" data-id=\"6c416dd\" data-element_type=\"widget\" data-widget_type=\"spacer.default\">\n\t\t\t\t<div class=\"elementor-widget-container\">\n\t\t\t\t\t\t\t<div class=\"elementor-spacer\">\n\t\t\t<div class=\"elementor-spacer-inner\"><\/div>\n\t\t<\/div>\n\t\t\t\t\t\t<\/div>\n\t\t\t\t<\/div>\n\t\t\t\t<div class=\"elementor-element elementor-element-9d85951 elementor-mobile-align-center elementor-hidden-desktop elementor-hidden-tablet elementor-align-center elementor-invisible elementor-widget elementor-widget-button\" data-id=\"9d85951\" data-element_type=\"widget\" data-settings=\"{&quot;_animation&quot;:&quot;slideInLeft&quot;}\" data-widget_type=\"button.default\">\n\t\t\t\t<div class=\"elementor-widget-container\">\n\t\t\t\t\t\t\t\t\t<div class=\"elementor-button-wrapper\">\n\t\t\t\t\t<a class=\"elementor-button elementor-button-link elementor-size-sm\" href=\"#form\">\n\t\t\t\t\t\t<span class=\"elementor-button-content-wrapper\">\n\t\t\t\t\t\t\t\t\t<span class=\"elementor-button-text\">QUERO PREENCHER O FORMUL\u00c1RIO<\/span>\n\t\t\t\t\t<\/span>\n\t\t\t\t\t<\/a>\n\t\t\t\t<\/div>\n\t\t\t\t\t\t\t\t<\/div>\n\t\t\t\t<\/div>\n\t\t\t\t<div class=\"elementor-element elementor-element-c8c62ac elementor-widget elementor-widget-text-editor\" data-id=\"c8c62ac\" data-element_type=\"widget\" data-widget_type=\"text-editor.default\">\n\t\t\t\t<div class=\"elementor-widget-container\">\n\t\t\t\t\t\t\t\t\t<p><span style=\"font-weight: 400;\"><img decoding=\"async\" class=\"emoji\" role=\"img\" draggable=\"false\" src=\"https:\/\/s.w.org\/images\/core\/emoji\/13.1.0\/svg\/1f449.svg\" alt=\"\ud83d\udc49\">&nbsp;Preencha o formul\u00e1rio com seu nome completo e dados de contato atualizados;<\/span><\/p>\n<p><span style=\"font-weight: 400;\"><img decoding=\"async\" class=\"emoji\" role=\"img\" draggable=\"false\" src=\"https:\/\/s.w.org\/images\/core\/emoji\/13.1.0\/svg\/1f449.svg\" alt=\"\ud83d\udc49\">&nbsp;Verifique se seu e-mail est\u00e1 redigido da forma correta: sem erros de digita\u00e7\u00e3o, sem espa\u00e7os vazios e com o complemento correto ap\u00f3s o @;<\/span><\/p>\n<p><span style=\"font-weight: 400;\"><img decoding=\"async\" class=\"emoji\" role=\"img\" draggable=\"false\" src=\"https:\/\/s.w.org\/images\/core\/emoji\/13.1.0\/svg\/1f449.svg\" alt=\"\ud83d\udc49\"> <\/span><span style=\"font-weight: 400;\">Preencha com o seu endere\u00e7o atual;<\/span><\/p>\n<p><img decoding=\"async\" class=\"emoji\" style=\"font-style: inherit; background-color: #525d6f;\" role=\"img\" draggable=\"false\" src=\"https:\/\/s.w.org\/images\/core\/emoji\/13.1.0\/svg\/1f449.svg\" alt=\"\ud83d\udc49\">Informe se possui experi\u00eancia com pr\u00e9-vendas ou vendas B2B e\/ou B2C;<\/p>\n<p><span style=\"font-weight: 400;\"><img decoding=\"async\" class=\"emoji\" role=\"img\" draggable=\"false\" src=\"https:\/\/s.w.org\/images\/core\/emoji\/13.1.0\/svg\/1f449.svg\" alt=\"\ud83d\udc49\">Descreva <strong>em meses<\/strong> sua experi\u00eancia com atividades de pr\u00e9-vendas e vendas;<\/span><\/p>\n<p><span style=\"font-weight: 400;\"><img decoding=\"async\" class=\"emoji\" role=\"img\" draggable=\"false\" src=\"https:\/\/s.w.org\/images\/core\/emoji\/13.1.0\/svg\/1f449.svg\" alt=\"\ud83d\udc49\"> Registre todos os cursos da Academia Exact que voc\u00ea realizou;<\/span><\/p>\n<p><img decoding=\"async\" class=\"emoji\" role=\"img\" draggable=\"false\" src=\"https:\/\/s.w.org\/images\/core\/emoji\/13.1.0\/svg\/1f449.svg\" alt=\"\ud83d\udc49\">&nbsp;<b>Insira o link de seu perfil do LinkedIn, isso possibilitar\u00e1 ao recrutador a conhecer melhor voc\u00ea como profissional e entrar em contato para ofertar a vaga que mais se encaixe em seu perfil.<\/b><\/p>\n<p><span style=\"font-size: 15px; font-style: normal; font-weight: 400;\">\u26a0\u26a0&nbsp;<\/span><span style=\"font-weight: bold; font-size: 15px; font-style: normal;\">Lembre-se que quanto mais informa\u00e7\u00f5es voc\u00ea preencher maiores ser\u00e3o suas chances de ser contatado! \u26a0\u26a0<\/span><b><br><\/b><\/p>\t\t\t\t\t\t\t\t<\/div>\n\t\t\t\t<\/div>\n\t\t\t\t<div class=\"elementor-element elementor-element-2cf1f54 elementor-hidden-mobile elementor-widget elementor-widget-image\" data-id=\"2cf1f54\" data-element_type=\"widget\" data-widget_type=\"image.default\">\n\t\t\t\t<div class=\"elementor-widget-container\">\n\t\t\t\t\t\t\t\t\t\t\t\t\t\t\t<img decoding=\"async\" width=\"355\" height=\"146\" src=\"https:\/\/www.academiaexact.com.br\/wp-content\/uploads\/2022\/02\/Camada-50.png\" class=\"attachment-large size-large wp-image-2249\" alt=\"\" srcset=\"https:\/\/www.academiaexact.com.br\/wp-content\/uploads\/2022\/02\/Camada-50.png 355w, https:\/\/www.academiaexact.com.br\/wp-content\/uploads\/2022\/02\/Camada-50-300x123.png 300w\" sizes=\"(max-width: 355px) 100vw, 355px\" \/>\t\t\t\t\t\t\t\t\t\t\t\t\t\t\t<\/div>\n\t\t\t\t<\/div>\n\t\t\t\t\t<\/div>\n\t\t<\/div>\n\t\t\t\t\t<\/div>\n\t\t<\/section>\n\t\t\t\t<\/div>\n\t\t","protected":false},"excerpt":{"rendered":"<p>EM BUSCA DE UMA VAGA NA \u00c1REA DE PR\u00c9-VENDA? ENT\u00c3O VOC\u00ca EST\u00c1 NO LUGAR CERTO! Nossos parceiros priorizam a busca de seus pr\u00e9-vendedores em candidatos que finalizaram o curso de Capacita\u00e7\u00e3o em Pr\u00e9-Venda. Gostaria de aumentar o seu leque de oportunidades ingressando no Banco de Talentos da Academia Exact? Clique aqui F\u00e1cil, PREENCHA O FORMUL\u00c1RIO [&hellip;]<\/p>\n","protected":false},"author":1617561,"featured_media":0,"parent":0,"menu_order":0,"comment_status":"closed","ping_status":"closed","template":"elementor_canvas","meta":{"_exactmetrics_skip_tracking":false,"_exactmetrics_sitenote_active":false,"_exactmetrics_sitenote_note":"","_exactmetrics_sitenote_category":0,"site-sidebar-layout":"no-sidebar","site-content-layout":"page-builder","ast-site-content-layout":"","site-content-style":"default","site-sidebar-style":"default","ast-global-header-display":"","ast-banner-title-visibility":"","ast-main-header-display":"","ast-hfb-above-header-display":"","ast-hfb-below-header-display":"","ast-hfb-mobile-header-display":"","site-post-title":"disabled","ast-breadcrumbs-content":"","ast-featured-img":"disabled","footer-sml-layout":"","theme-transparent-header-meta":"default","adv-header-id-meta":"","stick-header-meta":"","header-above-stick-meta":"","header-main-stick-meta":"","header-below-stick-meta":"","astra-migrate-meta-layouts":"default","ast-page-background-enabled":"default","ast-page-background-meta":{"desktop":{"background-color":"var(--ast-global-color-4)","background-image":"","background-repeat":"repeat","background-position":"center center","background-size":"auto","background-attachment":"scroll","background-type":"","background-media":"","overlay-type":"","overlay-color":"","overlay-opacity":"","overlay-gradient":""},"tablet":{"background-color":"","background-image":"","background-repeat":"repeat","background-position":"center center","background-size":"auto","background-attachment":"scroll","background-type":"","background-media":"","overlay-type":"","overlay-color":"","overlay-opacity":"","overlay-gradient":""},"mobile":{"background-color":"","background-image":"","background-repeat":"repeat","background-position":"center center","background-size":"auto","background-attachment":"scroll","background-type":"","background-media":"","overlay-type":"","overlay-color":"","overlay-opacity":"","overlay-gradient":""}},"ast-content-background-meta":{"desktop":{"background-color":"var(--ast-global-color-5)","background-image":"","background-repeat":"repeat","background-position":"center center","background-size":"auto","background-attachment":"scroll","background-type":"","background-media":"","overlay-type":"","overlay-color":"","overlay-opacity":"","overlay-gradient":""},"tablet":{"background-color":"var(--ast-global-color-5)","background-image":"","background-repeat":"repeat","background-position":"center center","background-size":"auto","background-attachment":"scroll","background-type":"","background-media":"","overlay-type":"","overlay-color":"","overlay-opacity":"","overlay-gradient":""},"mobile":{"background-color":"var(--ast-global-color-5)","background-image":"","background-repeat":"repeat","background-position":"center center","background-size":"auto","background-attachment":"scroll","background-type":"","background-media":"","overlay-type":"","overlay-color":"","overlay-opacity":"","overlay-gradient":""}},"footnotes":""},"class_list":["post-2240","page","type-page","status-publish","hentry"],"yoast_head":"<!-- This site is optimized with the Yoast SEO plugin v24.2 - https:\/\/yoast.com\/wordpress\/plugins\/seo\/ -->\n<title>[ACADEMIA] Banco de talentos | Academia Exact<\/title>\n<meta name=\"robots\" content=\"index, follow, max-snippet:-1, max-image-preview:large, max-video-preview:-1\" \/>\n<link rel=\"canonical\" href=\"https:\/\/www.academiaexact.com.br\/index.php\/academia-banco-de-talentos\/\" \/>\n<meta property=\"og:locale\" content=\"pt_BR\" \/>\n<meta property=\"og:type\" content=\"article\" \/>\n<meta property=\"og:title\" content=\"[ACADEMIA] Banco de talentos | Academia Exact\" \/>\n<meta property=\"og:description\" content=\"EM BUSCA DE UMA VAGA NA \u00c1REA DE PR\u00c9-VENDA? ENT\u00c3O VOC\u00ca EST\u00c1 NO LUGAR CERTO! Nossos parceiros priorizam a busca de seus pr\u00e9-vendedores em candidatos que finalizaram o curso de Capacita\u00e7\u00e3o em Pr\u00e9-Venda. Gostaria de aumentar o seu leque de oportunidades ingressando no Banco de Talentos da Academia Exact? Clique aqui F\u00e1cil, PREENCHA O FORMUL\u00c1RIO [&hellip;]\" \/>\n<meta property=\"og:url\" content=\"https:\/\/www.academiaexact.com.br\/index.php\/academia-banco-de-talentos\/\" \/>\n<meta property=\"og:site_name\" content=\"Academia Exact\" \/>\n<meta property=\"article:modified_time\" content=\"2024-05-16T12:54:58+00:00\" \/>\n<meta property=\"og:image\" content=\"https:\/\/www.academiaexact.com.br\/wp-content\/uploads\/2022\/02\/logo-banco-de-talentos_Prancheta-1.png\" \/>\n<meta name=\"twitter:card\" content=\"summary_large_image\" \/>\n<meta name=\"twitter:label1\" content=\"Est. tempo de leitura\" \/>\n\t<meta name=\"twitter:data1\" content=\"1 minuto\" \/>\n<script type=\"application\/ld+json\" class=\"yoast-schema-graph\">{\"@context\":\"https:\/\/schema.org\",\"@graph\":[{\"@type\":\"WebPage\",\"@id\":\"https:\/\/www.academiaexact.com.br\/index.php\/academia-banco-de-talentos\/\",\"url\":\"https:\/\/www.academiaexact.com.br\/index.php\/academia-banco-de-talentos\/\",\"name\":\"[ACADEMIA] Banco de talentos | Academia Exact\",\"isPartOf\":{\"@id\":\"https:\/\/www.academiaexact.com.br\/#website\"},\"primaryImageOfPage\":{\"@id\":\"https:\/\/www.academiaexact.com.br\/index.php\/academia-banco-de-talentos\/#primaryimage\"},\"image\":{\"@id\":\"https:\/\/www.academiaexact.com.br\/index.php\/academia-banco-de-talentos\/#primaryimage\"},\"thumbnailUrl\":\"https:\/\/www.academiaexact.com.br\/wp-content\/uploads\/2022\/02\/logo-banco-de-talentos_Prancheta-1.png\",\"datePublished\":\"2022-02-14T18:09:06+00:00\",\"dateModified\":\"2024-05-16T12:54:58+00:00\",\"breadcrumb\":{\"@id\":\"https:\/\/www.academiaexact.com.br\/index.php\/academia-banco-de-talentos\/#breadcrumb\"},\"inLanguage\":\"pt-BR\",\"potentialAction\":[{\"@type\":\"ReadAction\",\"target\":[\"https:\/\/www.academiaexact.com.br\/index.php\/academia-banco-de-talentos\/\"]}]},{\"@type\":\"ImageObject\",\"inLanguage\":\"pt-BR\",\"@id\":\"https:\/\/www.academiaexact.com.br\/index.php\/academia-banco-de-talentos\/#primaryimage\",\"url\":\"https:\/\/www.academiaexact.com.br\/wp-content\/uploads\/2022\/02\/logo-banco-de-talentos_Prancheta-1.png\",\"contentUrl\":\"https:\/\/www.academiaexact.com.br\/wp-content\/uploads\/2022\/02\/logo-banco-de-talentos_Prancheta-1.png\",\"width\":978,\"height\":510},{\"@type\":\"BreadcrumbList\",\"@id\":\"https:\/\/www.academiaexact.com.br\/index.php\/academia-banco-de-talentos\/#breadcrumb\",\"itemListElement\":[{\"@type\":\"ListItem\",\"position\":1,\"name\":\"In\u00edcio\",\"item\":\"https:\/\/www.academiaexact.com.br\/\"},{\"@type\":\"ListItem\",\"position\":2,\"name\":\"[ACADEMIA] Banco de talentos\"}]},{\"@type\":\"WebSite\",\"@id\":\"https:\/\/www.academiaexact.com.br\/#website\",\"url\":\"https:\/\/www.academiaexact.com.br\/\",\"name\":\"Academia Exact | Materiais\",\"description\":\"Encontre materiais e conte\u00fados para impulsionar seu processo de vendas.\",\"publisher\":{\"@id\":\"https:\/\/www.academiaexact.com.br\/#organization\"},\"potentialAction\":[{\"@type\":\"SearchAction\",\"target\":{\"@type\":\"EntryPoint\",\"urlTemplate\":\"https:\/\/www.academiaexact.com.br\/?s={search_term_string}\"},\"query-input\":{\"@type\":\"PropertyValueSpecification\",\"valueRequired\":true,\"valueName\":\"search_term_string\"}}],\"inLanguage\":\"pt-BR\"},{\"@type\":\"Organization\",\"@id\":\"https:\/\/www.academiaexact.com.br\/#organization\",\"name\":\"Academia Exact\",\"url\":\"https:\/\/www.academiaexact.com.br\/\",\"logo\":{\"@type\":\"ImageObject\",\"inLanguage\":\"pt-BR\",\"@id\":\"https:\/\/www.academiaexact.com.br\/#\/schema\/logo\/image\/\",\"url\":\"https:\/\/www.academiaexact.com.br\/wp-content\/uploads\/2019\/08\/Exact-Academia-Principal-01.png\",\"contentUrl\":\"https:\/\/www.academiaexact.com.br\/wp-content\/uploads\/2019\/08\/Exact-Academia-Principal-01.png\",\"width\":2455,\"height\":842,\"caption\":\"Academia Exact\"},\"image\":{\"@id\":\"https:\/\/www.academiaexact.com.br\/#\/schema\/logo\/image\/\"}}]}<\/script>\n<!-- \/ Yoast SEO plugin. -->","yoast_head_json":{"title":"[ACADEMIA] Banco de talentos | Academia Exact","robots":{"index":"index","follow":"follow","max-snippet":"max-snippet:-1","max-image-preview":"max-image-preview:large","max-video-preview":"max-video-preview:-1"},"canonical":"https:\/\/www.academiaexact.com.br\/index.php\/academia-banco-de-talentos\/","og_locale":"pt_BR","og_type":"article","og_title":"[ACADEMIA] Banco de talentos | Academia Exact","og_description":"EM BUSCA DE UMA VAGA NA \u00c1REA DE PR\u00c9-VENDA? ENT\u00c3O VOC\u00ca EST\u00c1 NO LUGAR CERTO! Nossos parceiros priorizam a busca de seus pr\u00e9-vendedores em candidatos que finalizaram o curso de Capacita\u00e7\u00e3o em Pr\u00e9-Venda. Gostaria de aumentar o seu leque de oportunidades ingressando no Banco de Talentos da Academia Exact? Clique aqui F\u00e1cil, PREENCHA O FORMUL\u00c1RIO [&hellip;]","og_url":"https:\/\/www.academiaexact.com.br\/index.php\/academia-banco-de-talentos\/","og_site_name":"Academia Exact","article_modified_time":"2024-05-16T12:54:58+00:00","og_image":[{"url":"https:\/\/www.academiaexact.com.br\/wp-content\/uploads\/2022\/02\/logo-banco-de-talentos_Prancheta-1.png","type":"","width":"","height":""}],"twitter_card":"summary_large_image","twitter_misc":{"Est. tempo de leitura":"1 minuto"},"schema":{"@context":"https:\/\/schema.org","@graph":[{"@type":"WebPage","@id":"https:\/\/www.academiaexact.com.br\/index.php\/academia-banco-de-talentos\/","url":"https:\/\/www.academiaexact.com.br\/index.php\/academia-banco-de-talentos\/","name":"[ACADEMIA] Banco de talentos | Academia Exact","isPartOf":{"@id":"https:\/\/www.academiaexact.com.br\/#website"},"primaryImageOfPage":{"@id":"https:\/\/www.academiaexact.com.br\/index.php\/academia-banco-de-talentos\/#primaryimage"},"image":{"@id":"https:\/\/www.academiaexact.com.br\/index.php\/academia-banco-de-talentos\/#primaryimage"},"thumbnailUrl":"https:\/\/www.academiaexact.com.br\/wp-content\/uploads\/2022\/02\/logo-banco-de-talentos_Prancheta-1.png","datePublished":"2022-02-14T18:09:06+00:00","dateModified":"2024-05-16T12:54:58+00:00","breadcrumb":{"@id":"https:\/\/www.academiaexact.com.br\/index.php\/academia-banco-de-talentos\/#breadcrumb"},"inLanguage":"pt-BR","potentialAction":[{"@type":"ReadAction","target":["https:\/\/www.academiaexact.com.br\/index.php\/academia-banco-de-talentos\/"]}]},{"@type":"ImageObject","inLanguage":"pt-BR","@id":"https:\/\/www.academiaexact.com.br\/index.php\/academia-banco-de-talentos\/#primaryimage","url":"https:\/\/www.academiaexact.com.br\/wp-content\/uploads\/2022\/02\/logo-banco-de-talentos_Prancheta-1.png","contentUrl":"https:\/\/www.academiaexact.com.br\/wp-content\/uploads\/2022\/02\/logo-banco-de-talentos_Prancheta-1.png","width":978,"height":510},{"@type":"BreadcrumbList","@id":"https:\/\/www.academiaexact.com.br\/index.php\/academia-banco-de-talentos\/#breadcrumb","itemListElement":[{"@type":"ListItem","position":1,"name":"In\u00edcio","item":"https:\/\/www.academiaexact.com.br\/"},{"@type":"ListItem","position":2,"name":"[ACADEMIA] Banco de talentos"}]},{"@type":"WebSite","@id":"https:\/\/www.academiaexact.com.br\/#website","url":"https:\/\/www.academiaexact.com.br\/","name":"Academia Exact | Materiais","description":"Encontre materiais e conte\u00fados para impulsionar seu processo de vendas.","publisher":{"@id":"https:\/\/www.academiaexact.com.br\/#organization"},"potentialAction":[{"@type":"SearchAction","target":{"@type":"EntryPoint","urlTemplate":"https:\/\/www.academiaexact.com.br\/?s={search_term_string}"},"query-input":{"@type":"PropertyValueSpecification","valueRequired":true,"valueName":"search_term_string"}}],"inLanguage":"pt-BR"},{"@type":"Organization","@id":"https:\/\/www.academiaexact.com.br\/#organization","name":"Academia Exact","url":"https:\/\/www.academiaexact.com.br\/","logo":{"@type":"ImageObject","inLanguage":"pt-BR","@id":"https:\/\/www.academiaexact.com.br\/#\/schema\/logo\/image\/","url":"https:\/\/www.academiaexact.com.br\/wp-content\/uploads\/2019\/08\/Exact-Academia-Principal-01.png","contentUrl":"https:\/\/www.academiaexact.com.br\/wp-content\/uploads\/2019\/08\/Exact-Academia-Principal-01.png","width":2455,"height":842,"caption":"Academia Exact"},"image":{"@id":"https:\/\/www.academiaexact.com.br\/#\/schema\/logo\/image\/"}}]}},"_links":{"self":[{"href":"https:\/\/www.academiaexact.com.br\/index.php\/wp-json\/wp\/v2\/pages\/2240","targetHints":{"allow":["GET"]}}],"collection":[{"href":"https:\/\/www.academiaexact.com.br\/index.php\/wp-json\/wp\/v2\/pages"}],"about":[{"href":"https:\/\/www.academiaexact.com.br\/index.php\/wp-json\/wp\/v2\/types\/page"}],"author":[{"embeddable":true,"href":"https:\/\/www.academiaexact.com.br\/index.php\/wp-json\/wp\/v2\/users\/1617561"}],"replies":[{"embeddable":true,"href":"https:\/\/www.academiaexact.com.br\/index.php\/wp-json\/wp\/v2\/comments?post=2240"}],"version-history":[{"count":82,"href":"https:\/\/www.academiaexact.com.br\/index.php\/wp-json\/wp\/v2\/pages\/2240\/revisions"}],"predecessor-version":[{"id":13398,"href":"https:\/\/www.academiaexact.com.br\/index.php\/wp-json\/wp\/v2\/pages\/2240\/revisions\/13398"}],"wp:attachment":[{"href":"https:\/\/www.academiaexact.com.br\/index.php\/wp-json\/wp\/v2\/media?parent=2240"}],"curies":[{"name":"wp","href":"https:\/\/api.w.org\/{rel}","templated":true}]}}