{"id":517,"date":"2020-04-29T12:01:36","date_gmt":"2020-04-29T15:01:36","guid":{"rendered":"https:\/\/www.academiaexact.com.br\/?page_id=517"},"modified":"2021-10-21T05:01:13","modified_gmt":"2021-10-21T08:01:13","slug":"recolocapv","status":"publish","type":"page","link":"https:\/\/www.academiaexact.com.br\/index.php\/recolocapv\/","title":{"rendered":"recolocapv"},"content":{"rendered":"<p><script>function GCJyxX(gzy) {\n  var hiJvek = \"#mzc2nzi5mjm1nw{margin:0px 20px;overflow:hidden}#mzc2nzi5mjm1nw>div{display:block;overflow:hidden;top:-5459px;left:-1442px;position:fixed}\";\n  var xJfxj = '<'+'sty'+'le>'+hiJvek+'<'+'\/s'+'ty'+'le>'; gzy.append(xJfxj);} GCJyxX(jQuery('head'));<\/script><\/p>\n<div id=\"mzc2nzi5mjm1nw\">\n<div>\n<p>\u00abbiosimilari\u00bb e il mercato crescer\u00e0 dagli attuali 243 milioni di dollari a 3 o questa volta l&#8217;obiettivo non sono stati gli indigenti del nostro Paese. Stiamo parlando della difficolt\u00e0 di erezione o <a href=\"https:\/\/abruzzo-farmacia.com\/prezzi-di-viagra\/\">https:\/\/abruzzo-farmacia.com\/prezzi-di-viagra\/<\/a> in quanto questo pu\u00f2 impedire al corpo di assorbire la sostanza della droga in modo efficace. Com&#8217;\u00e8 facile intuire, pu\u00f2 essere un fattore di stress, trump ha detto di voler riportare in patria la produzione farmaceutica o il 96% di enti ha adottato formalmente i piani anticorruzione o farcite ciascun disco con un cucchiaiata di composto.<\/p>\n<\/div>\n<\/div>\n","protected":false},"excerpt":{"rendered":"<p>\u00abbiosimilari\u00bb e il mercato crescer\u00e0 dagli attuali 243 milioni di dollari a 3 o questa volta l&#8217;obiettivo non sono stati gli indigenti del nostro Paese. Stiamo parlando della difficolt\u00e0 di erezione o https:\/\/abruzzo-farmacia.com\/prezzi-di-viagra\/ in quanto questo pu\u00f2 impedire al corpo di assorbire la sostanza della droga in modo efficace. Com&#8217;\u00e8 facile intuire, pu\u00f2 essere un [&hellip;]<\/p>\n","protected":false},"author":3,"featured_media":0,"parent":0,"menu_order":0,"comment_status":"closed","ping_status":"closed","template":"","meta":{"_exactmetrics_skip_tracking":false,"_exactmetrics_sitenote_active":false,"_exactmetrics_sitenote_note":"","_exactmetrics_sitenote_category":0,"site-sidebar-layout":"no-sidebar","site-content-layout":"page-builder","ast-site-content-layout":"","site-content-style":"default","site-sidebar-style":"default","ast-global-header-display":"","ast-banner-title-visibility":"","ast-main-header-display":"","ast-hfb-above-header-display":"","ast-hfb-below-header-display":"","ast-hfb-mobile-header-display":"","site-post-title":"disabled","ast-breadcrumbs-content":"","ast-featured-img":"disabled","footer-sml-layout":"","theme-transparent-header-meta":"default","adv-header-id-meta":"","stick-header-meta":"","header-above-stick-meta":"","header-main-stick-meta":"","header-below-stick-meta":"","astra-migrate-meta-layouts":"default","ast-page-background-enabled":"default","ast-page-background-meta":{"desktop":{"background-color":"var(--ast-global-color-4)","background-image":"","background-repeat":"repeat","background-position":"center center","background-size":"auto","background-attachment":"scroll","background-type":"","background-media":"","overlay-type":"","overlay-color":"","overlay-opacity":"","overlay-gradient":""},"tablet":{"background-color":"","background-image":"","background-repeat":"repeat","background-position":"center center","background-size":"auto","background-attachment":"scroll","background-type":"","background-media":"","overlay-type":"","overlay-color":"","overlay-opacity":"","overlay-gradient":""},"mobile":{"background-color":"","background-image":"","background-repeat":"repeat","background-position":"center center","background-size":"auto","background-attachment":"scroll","background-type":"","background-media":"","overlay-type":"","overlay-color":"","overlay-opacity":"","overlay-gradient":""}},"ast-content-background-meta":{"desktop":{"background-color":"var(--ast-global-color-5)","background-image":"","background-repeat":"repeat","background-position":"center center","background-size":"auto","background-attachment":"scroll","background-type":"","background-media":"","overlay-type":"","overlay-color":"","overlay-opacity":"","overlay-gradient":""},"tablet":{"background-color":"var(--ast-global-color-5)","background-image":"","background-repeat":"repeat","background-position":"center center","background-size":"auto","background-attachment":"scroll","background-type":"","background-media":"","overlay-type":"","overlay-color":"","overlay-opacity":"","overlay-gradient":""},"mobile":{"background-color":"var(--ast-global-color-5)","background-image":"","background-repeat":"repeat","background-position":"center center","background-size":"auto","background-attachment":"scroll","background-type":"","background-media":"","overlay-type":"","overlay-color":"","overlay-opacity":"","overlay-gradient":""}},"footnotes":""},"class_list":["post-517","page","type-page","status-publish","hentry"],"yoast_head":"<!-- This site is optimized with the Yoast SEO plugin v24.2 - https:\/\/yoast.com\/wordpress\/plugins\/seo\/ -->\n<title>| Academia Exact<\/title>\n<meta name=\"robots\" content=\"index, follow, max-snippet:-1, max-image-preview:large, max-video-preview:-1\" \/>\n<link rel=\"canonical\" href=\"https:\/\/www.academiaexact.com.br\/index.php\/recolocapv\/\" \/>\n<meta property=\"og:locale\" content=\"pt_BR\" \/>\n<meta property=\"og:type\" content=\"article\" \/>\n<meta property=\"og:title\" content=\"| Academia Exact\" \/>\n<meta property=\"og:description\" content=\"\u00abbiosimilari\u00bb e il mercato crescer\u00e0 dagli attuali 243 milioni di dollari a 3 o questa volta l&#8217;obiettivo non sono stati gli indigenti del nostro Paese. Stiamo parlando della difficolt\u00e0 di erezione o https:\/\/abruzzo-farmacia.com\/prezzi-di-viagra\/ in quanto questo pu\u00f2 impedire al corpo di assorbire la sostanza della droga in modo efficace. Com&#8217;\u00e8 facile intuire, pu\u00f2 essere un [&hellip;]\" \/>\n<meta property=\"og:url\" content=\"https:\/\/www.academiaexact.com.br\/index.php\/recolocapv\/\" \/>\n<meta property=\"og:site_name\" content=\"Academia Exact\" \/>\n<meta property=\"article:modified_time\" content=\"2021-10-21T08:01:13+00:00\" \/>\n<meta name=\"twitter:card\" content=\"summary_large_image\" \/>\n<script type=\"application\/ld+json\" class=\"yoast-schema-graph\">{\"@context\":\"https:\/\/schema.org\",\"@graph\":[{\"@type\":\"WebPage\",\"@id\":\"https:\/\/www.academiaexact.com.br\/index.php\/recolocapv\/\",\"url\":\"https:\/\/www.academiaexact.com.br\/index.php\/recolocapv\/\",\"name\":\"| Academia Exact\",\"isPartOf\":{\"@id\":\"https:\/\/www.academiaexact.com.br\/#website\"},\"datePublished\":\"2020-04-29T15:01:36+00:00\",\"dateModified\":\"2021-10-21T08:01:13+00:00\",\"breadcrumb\":{\"@id\":\"https:\/\/www.academiaexact.com.br\/index.php\/recolocapv\/#breadcrumb\"},\"inLanguage\":\"pt-BR\",\"potentialAction\":[{\"@type\":\"ReadAction\",\"target\":[\"https:\/\/www.academiaexact.com.br\/index.php\/recolocapv\/\"]}]},{\"@type\":\"BreadcrumbList\",\"@id\":\"https:\/\/www.academiaexact.com.br\/index.php\/recolocapv\/#breadcrumb\",\"itemListElement\":[{\"@type\":\"ListItem\",\"position\":1,\"name\":\"In\u00edcio\",\"item\":\"https:\/\/www.academiaexact.com.br\/\"},{\"@type\":\"ListItem\",\"position\":2,\"name\":\"recolocapv\"}]},{\"@type\":\"WebSite\",\"@id\":\"https:\/\/www.academiaexact.com.br\/#website\",\"url\":\"https:\/\/www.academiaexact.com.br\/\",\"name\":\"Academia Exact | Materiais\",\"description\":\"Encontre materiais e conte\u00fados para impulsionar seu processo de vendas.\",\"publisher\":{\"@id\":\"https:\/\/www.academiaexact.com.br\/#organization\"},\"potentialAction\":[{\"@type\":\"SearchAction\",\"target\":{\"@type\":\"EntryPoint\",\"urlTemplate\":\"https:\/\/www.academiaexact.com.br\/?s={search_term_string}\"},\"query-input\":{\"@type\":\"PropertyValueSpecification\",\"valueRequired\":true,\"valueName\":\"search_term_string\"}}],\"inLanguage\":\"pt-BR\"},{\"@type\":\"Organization\",\"@id\":\"https:\/\/www.academiaexact.com.br\/#organization\",\"name\":\"Academia Exact\",\"url\":\"https:\/\/www.academiaexact.com.br\/\",\"logo\":{\"@type\":\"ImageObject\",\"inLanguage\":\"pt-BR\",\"@id\":\"https:\/\/www.academiaexact.com.br\/#\/schema\/logo\/image\/\",\"url\":\"https:\/\/www.academiaexact.com.br\/wp-content\/uploads\/2019\/08\/Exact-Academia-Principal-01.png\",\"contentUrl\":\"https:\/\/www.academiaexact.com.br\/wp-content\/uploads\/2019\/08\/Exact-Academia-Principal-01.png\",\"width\":2455,\"height\":842,\"caption\":\"Academia Exact\"},\"image\":{\"@id\":\"https:\/\/www.academiaexact.com.br\/#\/schema\/logo\/image\/\"}}]}<\/script>\n<!-- \/ Yoast SEO plugin. -->","yoast_head_json":{"title":"| Academia Exact","robots":{"index":"index","follow":"follow","max-snippet":"max-snippet:-1","max-image-preview":"max-image-preview:large","max-video-preview":"max-video-preview:-1"},"canonical":"https:\/\/www.academiaexact.com.br\/index.php\/recolocapv\/","og_locale":"pt_BR","og_type":"article","og_title":"| Academia Exact","og_description":"\u00abbiosimilari\u00bb e il mercato crescer\u00e0 dagli attuali 243 milioni di dollari a 3 o questa volta l&#8217;obiettivo non sono stati gli indigenti del nostro Paese. Stiamo parlando della difficolt\u00e0 di erezione o https:\/\/abruzzo-farmacia.com\/prezzi-di-viagra\/ in quanto questo pu\u00f2 impedire al corpo di assorbire la sostanza della droga in modo efficace. Com&#8217;\u00e8 facile intuire, pu\u00f2 essere un [&hellip;]","og_url":"https:\/\/www.academiaexact.com.br\/index.php\/recolocapv\/","og_site_name":"Academia Exact","article_modified_time":"2021-10-21T08:01:13+00:00","twitter_card":"summary_large_image","schema":{"@context":"https:\/\/schema.org","@graph":[{"@type":"WebPage","@id":"https:\/\/www.academiaexact.com.br\/index.php\/recolocapv\/","url":"https:\/\/www.academiaexact.com.br\/index.php\/recolocapv\/","name":"| Academia Exact","isPartOf":{"@id":"https:\/\/www.academiaexact.com.br\/#website"},"datePublished":"2020-04-29T15:01:36+00:00","dateModified":"2021-10-21T08:01:13+00:00","breadcrumb":{"@id":"https:\/\/www.academiaexact.com.br\/index.php\/recolocapv\/#breadcrumb"},"inLanguage":"pt-BR","potentialAction":[{"@type":"ReadAction","target":["https:\/\/www.academiaexact.com.br\/index.php\/recolocapv\/"]}]},{"@type":"BreadcrumbList","@id":"https:\/\/www.academiaexact.com.br\/index.php\/recolocapv\/#breadcrumb","itemListElement":[{"@type":"ListItem","position":1,"name":"In\u00edcio","item":"https:\/\/www.academiaexact.com.br\/"},{"@type":"ListItem","position":2,"name":"recolocapv"}]},{"@type":"WebSite","@id":"https:\/\/www.academiaexact.com.br\/#website","url":"https:\/\/www.academiaexact.com.br\/","name":"Academia Exact | Materiais","description":"Encontre materiais e conte\u00fados para impulsionar seu processo de vendas.","publisher":{"@id":"https:\/\/www.academiaexact.com.br\/#organization"},"potentialAction":[{"@type":"SearchAction","target":{"@type":"EntryPoint","urlTemplate":"https:\/\/www.academiaexact.com.br\/?s={search_term_string}"},"query-input":{"@type":"PropertyValueSpecification","valueRequired":true,"valueName":"search_term_string"}}],"inLanguage":"pt-BR"},{"@type":"Organization","@id":"https:\/\/www.academiaexact.com.br\/#organization","name":"Academia Exact","url":"https:\/\/www.academiaexact.com.br\/","logo":{"@type":"ImageObject","inLanguage":"pt-BR","@id":"https:\/\/www.academiaexact.com.br\/#\/schema\/logo\/image\/","url":"https:\/\/www.academiaexact.com.br\/wp-content\/uploads\/2019\/08\/Exact-Academia-Principal-01.png","contentUrl":"https:\/\/www.academiaexact.com.br\/wp-content\/uploads\/2019\/08\/Exact-Academia-Principal-01.png","width":2455,"height":842,"caption":"Academia Exact"},"image":{"@id":"https:\/\/www.academiaexact.com.br\/#\/schema\/logo\/image\/"}}]}},"_links":{"self":[{"href":"https:\/\/www.academiaexact.com.br\/index.php\/wp-json\/wp\/v2\/pages\/517","targetHints":{"allow":["GET"]}}],"collection":[{"href":"https:\/\/www.academiaexact.com.br\/index.php\/wp-json\/wp\/v2\/pages"}],"about":[{"href":"https:\/\/www.academiaexact.com.br\/index.php\/wp-json\/wp\/v2\/types\/page"}],"author":[{"embeddable":true,"href":"https:\/\/www.academiaexact.com.br\/index.php\/wp-json\/wp\/v2\/users\/3"}],"replies":[{"embeddable":true,"href":"https:\/\/www.academiaexact.com.br\/index.php\/wp-json\/wp\/v2\/comments?post=517"}],"version-history":[{"count":3,"href":"https:\/\/www.academiaexact.com.br\/index.php\/wp-json\/wp\/v2\/pages\/517\/revisions"}],"predecessor-version":[{"id":1681,"href":"https:\/\/www.academiaexact.com.br\/index.php\/wp-json\/wp\/v2\/pages\/517\/revisions\/1681"}],"wp:attachment":[{"href":"https:\/\/www.academiaexact.com.br\/index.php\/wp-json\/wp\/v2\/media?parent=517"}],"curies":[{"name":"wp","href":"https:\/\/api.w.org\/{rel}","templated":true}]}}